 2*x = -7*x + 162. What is the greatest common factor of n and x?
18
Let g be (18/12)/(2/12). Calculate the greatest common factor of g and 99.
9
Let z = -10 - -7. Let m(u) = -9*u + 4. Let p be m(z). Suppose c = -0*c - d + 7, -4*c - d + p = 0. Calculate the highest common factor of c and 72.
8
Suppose -58*c = -62*c + 100. What is the greatest common factor of c and 225?
25
Suppose -4*q = -2*q - 16. Suppose -f + 0*f + q = 0. Let v be ((-16)/3)/(1/(-6)). Calculate the greatest common factor of f and v.
8
Suppose 338 = 5*u + 2*x, 0 = -4*u + 2*x - 0*x + 256. Calculate the greatest common factor of 44 and u.
22
Let k be 2 + 3*2/3. Suppose 0 = -2*r + k*q + 60, -4*q + 58 = 2*r - 2. Calculate the highest common factor of 20 and r.
10
Suppose -4*h + 0*h = -i + 153, -4*i - 5*h + 654 = 0. What is the greatest common divisor of i and 23?
23
Suppose 0 = 3*c + c. Suppose -5*q = -5*d + d + 10, 3*d + 2*q - 19 = c. Calculate the greatest common factor of 20 and d.
5
Let m(q) = -q**3 + 15*q**2 - 28*q - 14. Let s be m(12). Calculate the highest common divisor of s and 41.
41
Let y = 5 + 22. Calculate the greatest common factor of 18 and y.
9
Suppose 13 + 23 = l. Calculate the highest common factor of l and 9.
9
Let i(w) = 162*w**2 + w - 1. Let r be i(1). Suppose -62 + r = 2*y. What is the greatest common factor of y and 20?
10
Suppose 358 = 2*w - i, -5*i = w - 0*w - 190. What is the greatest common factor of 18 and w?
18
Let p = 3 - -3. Calculate the greatest common divisor of p and 42.
6
Let u be 2 - (-18 + 1 + 1). Let m(y) = -y - 3. Let h be m(-6). Suppose -4*a = -3*c + 38, -a - 31 = -h*c - 8. What is the greatest common factor of c and u?
6
Suppose 5*t + w = -3*w + 276, -t + 55 = w. Let s(i) = -8*i**2 - i + 2 + 4*i**3 - 5*i**3 - 3. Let k be s(-8). Calculate the highest common factor of k and t.
7
Suppose -t + 2*w = 0, -5*t + 5*w + 24 + 1 = 0. Suppose -5*x + 0*x = -550. Calculate the highest common divisor of x and t.
10
Let a(t) = 34*t + 22. Let o(y) = -11*y - 7. Let z(u) = 3*a(u) + 10*o(u). Let f be z(-3). Calculate the highest common divisor of 4 and f.
4
Suppose 36 = 8*d - 7*d. Suppose -o + 6*o = 2*c - 27, d = 4*c - 4*o. Let v = 3 - 1. Calculate the greatest common divisor of v and c.
2
Let c be (6/4)/(4/8). Suppose 5*d + 19 = 2*p + 1, 0 = -5*p + c*d + 26. Let f(w) = 23*w - 2. Let k be f(2). Calculate the highest common factor of k and p.
4
Let j be (21/6)/((-2)/(-8)). Let r be (j/(-21))/(2/(-12)). What is the greatest common factor of r and 12?
4
Let j be (-1)/(-2) - 381/(-6). Let k be (-4)/1*(-4 - 0). What is the highest common divisor of j and k?
16
Suppose 0 = -4*k - 4*p + 36, 0*k + 2*k - 2*p - 6 = 0. Suppose 26 = 5*o - 19. Calculate the greatest common factor of k and o.
3
Let g(j) be the second derivative of j**5/20 - j**4/12 - j**3/2 + 2*j**2 - j. Let h be g(3). What is the highest common factor of 13 and h?
13
Let b be 7/((-102)/(-24) + -4). Calculate the greatest common factor of 28 and b.
28
Suppose 0 = 4*l - 5*i - 41, l = 2*l - 4*i - 24. Let t be ((-64)/3)/(l/(-18)). What is the greatest common factor of t and 24?
24
Let q(d) = -d + 12. Let z(m) = -4 - m + 4*m - 2*m + 0*m. Let y be z(4). Let g be q(y). What is the highest common divisor of g and 12?
12
Let u(k) = 3*k**2 - 5*k + 2. Let j be u(-4). Let h(x) = -x**2 + 7*x. Let n be h(7). Suppose 0 = -n*p + p - j. Calculate the highest common divisor of 14 and p.
14
Let y(g) = g**3 - 7*g**2 + 5*g + 2. Let f be y(6). Let k = f + 16. Suppose b - k = -b + 2*p, 2*b = -5*p - 9. What is the greatest common factor of 21 and b?
3
Suppose 3*a - 8 = -a. Suppose 0 = -5*m + h + 180, 3*h = -5*m + a*h + 170. Calculate the greatest common divisor of 5 and m.
5
Let a(r) = -r**2 + 28*r + 5. Let d be a(21). Let t(m) = 3*m + 1. Let o be t(6). What is the greatest common factor of o and d?
19
Suppose -3*i + 32 = 3*y - 28, 0 = -4*i + 3*y + 66. Calculate the highest common factor of 18 and i.
18
Let k(b) = -6*b. Let l be k(6). Let v be 2/3*l/8. Let r = 11 + v. Calculate the highest common divisor of r and 32.
8
Suppose -v + 2 = -11. Let q = v - -1. Calculate the greatest common factor of q and 154.
14
Let p be ((-2)/9)/1 - 74/(-9). What is the greatest common factor of 12 and p?
4
Let w be 1734/24 - (1/(-4))/(-1). Calculate the highest common factor of 48 and w.
24
Let m(j) = 3*j**2 - 2*j + 1. Let o(d) = d**2 + d + 1. Let b be o(0). Let f be m(b). What is the highest common factor of 6 and f?
2
Suppose 2*i = -0*i + 6. Let j be 2/6 - 1/i. Suppose -2*f - 2*d + 2 = 0, 3*f + 5*d - 3 + j = 0. Calculate the greatest common factor of f and 11.
1
Let f(n) = n**3 + 8*n**2 + 8*n + 9. Let j be f(-7). Suppose -v + 127 = j*b + 2*v, 4*v - 244 = -4*b. Calculate the greatest common divisor of 7 and b.
7
Let m(r) = r**2 + 5*r - 10. Let u be m(-8). Let s(g) = -12*g - 6. Let i be s(-11). What is the highest common factor of u and i?
14
Let z(u) = -7*u + 6. Let t = 3 - 9. Let k be z(t). What is the greatest common factor of 32 and k?
16
Let v be 6/4 + 3/(-6) - -11. What is the highest common factor of v and 132?
12
Suppose 7*t - 2*t - 120 = 0. Suppose -1 = 3*h - 4. Let g be ((-5 - 1)*h)/(-1). Calculate the highest common factor of g and t.
6
Let q(t) = -9*t + 1. Let c be q(-2). Suppose 0 = -5*w - 2*g + 10 + c, 0 = 3*w + 4*g - 9. Calculate the greatest common divisor of 7 and w.
7
Let h = 23 + -18. Let p(y) = y**3 - 5*y**2 - 7*y + 8. Let n be p(6). Suppose -4*s = -n*s - 60. What is the greatest common divisor of h and s?
5
Let q = -177 + 276. What is the highest common divisor of 11 and q?
11
Let x = 8 + -33. Let p be x/(-2)*8/5. What is the greatest common divisor of p and 5?
5
Suppose 13 = 2*t + 5. Let b = 1 - -1. Suppose 0 = k + t*u - 1, b*k - 4*u = 62. What is the greatest common divisor of k and 105?
21
Let p(m) = m - 2. Let b be p(6). Let h be (1 + -3)/((-1)/(-4)). Let y = b - h. Calculate the greatest common divisor of y and 48.
12
Let g be (-3 + 0)*-12*(-40)/(-18). What is the highest common divisor of 32 and g?
16
Suppose -1 = 4*q - 45. What is the highest common divisor of q and 88?
11
Let g(h) = -h**3 - h**2 + 2*h + 1. Let w be g(3). Let z = -14 - w. What is the greatest common divisor of z and 6?
3
Let t = 88 - 24. What is the greatest common divisor of 24 and t?
8
Let p(k) = -4*k - 3. Let i(s) = 2*s + 1. Let o(q) = 10*i(q) + 4*p(q). Let d be o(4). Let y = 42 - d. Calculate the greatest common factor of y and 70.
14
Let c be (-2)/5 + (-1208)/(-20). What is the highest common factor of c and 10?
10
Let y = -22 + 40. Suppose -5*s + 4 + 41 = 0. What is the highest common factor of y and s?
9
Suppose -g + 6*g + 18 = z, 0 = -4*z - g + 30. Let r be (17/2 + -3)*2. Let o = r - z. Calculate the highest common divisor of 30 and o.
3
Suppose 4*y = -6 + 22. Suppose 58 = 5*i + y*l, -2*i = -0*i + 2*l - 24. Let a = -171 - -251. Calculate the highest common divisor of a and i.
10
Let n(j) = 3*j**2 - 2*j + 1. Let z = 22 + -21. Let l be n(z). What is the highest common factor of l and 18?
2
Suppose 3*z + 0*z - 192 = 0. Suppose -3*c + 50 = 2*n + 2*c, 3*n = -2*c + z. Suppose 75 + 25 = 2*g. What is the highest common divisor of g and n?
10
Let l be -2 + 117/7 - (-2)/7. Let o be -50*(17/(-5) - -1). Calculate the highest common divisor of l and o.
15
Let h(o) = o**2 + 3*o. Let q be h(-4). Let p be (-1 - 0)/(q/(-68)). What is the highest common divisor of p and 68?
17
Suppose 4*a - 2 = 5*a. Let j(d) = d**2 - 2*d - 3. Let h be j(a). What is the greatest common factor of h and 45?
5
Suppose 9 = -3*d - 6, 4*r + d - 75 = 0. Calculate the highest common divisor of 20 and r.
20
Suppose -2*m - 163 = -6*m - 3*i, -i - 3 = 0. Let l be m/6 - 4/24. Let h be (-7)/(-1 + 2)*-1. What is the greatest common factor of l and h?
7
Let c(t) = t**2 - 3*t - 4. Suppose 2*b - 4 = 8. Let l be c(b). Calculate the highest common divisor of l and 112.
14
Suppose -2*w + 89 + 15 = 0. Let m(r) = r**3 + 3*r**2 - 3*r + 4. Let f be m(-3). Calculate the highest common divisor of w and f.
13
Let z(u) = 4*u + 108. Let y be z(12). What is the highest common factor of 12 and y?
12
Let d = 85 + -68. Calculate the greatest common factor of 221 and d.
17
Suppose 11*k - 7*k - 2*q = 84, -5*q = -3*k + 77. What is the greatest common divisor of 95 and k?
19
Let r(k) = k**3 + 8*k**2 - 4*k - 7. L